Let i(t) = 6*t - 4*t**2 + k - t**3 + 2 - t. What is the units digit of i(-5)?
4
Suppose -2*v + 4 = 2, -3*q + 41 = 2*v. Suppose p + 14 = -5*h, -2*h - q + 4 = -3*p. Suppose 2*t + 0*t = -10, o + t - p = 0. What is the units digit of o?
6
Suppose -5*j + 2 = 4*u - 4, 4*j - 3*u - 11 = 0. Suppose j*s - 5 = 7. What is the units digit of s?
6
Suppose -4*q - 3*t - 10 = 0, -4*t = q + 10 - 1. What is the units digit of q/2 + (-275)/(-10)?
7
Let a(z) = -z**2 - 10*z - 6. Let w = 7 - 15. Let m be a(w). Suppose 20 + m = 5*g. What is the units digit of g?
6
Suppose -3*v - 36 = -21. Let w = 31 - 21. Let a = v + w. What is the units digit of a?
5
What is the units digit of (5 + -1)/(-4) - -43?
2
Suppose 26 = -2*p + 5*r, 5*p + 4*r = r - 3. Let d be ((-1)/(-3))/(p/(-18)). Suppose -z + d*z = 8. What is the units digit of z?
8
Suppose -5*z + 195 = 5*q, -4*q = -2*q. What is the tens digit of z?
3
Let l = -56 + 99. What is the units digit of l?
3
Let x be (-1)/((-4 - 0)/(-4)). Suppose 4*s - 8 = -0. Let q = x + s. What is the units digit of q?
1
Let y = 54 - 6. Suppose -2*s = 2*s - y. What is the tens digit of s?
1
Suppose -5*z + 5*b = -80, 0 = -4*b - 0 - 12. Let k = z - 8. Suppose 0 = 4*x - 12, 4*x - 55 = -k*f - x. What is the units digit of f?
8
Suppose 0*k = 4*k - 552. What is the hundreds digit of k?
1
Suppose -8 = -5*y - 18. Let n be (y/5)/((-3)/90). Let l = 26 - n. What is the tens digit of l?
1
Suppose 2*x - 36 = -5*i, -5*x = -5*i - 7 - 13. Suppose 13*w - 140 = x*w. What is the tens digit of w?
2
Let h(l) = l**3 + 7*l**2 + 7*l - 7. Let r be h(-6). Let f = 21 + r. What is the units digit of f?
8
Suppose 0 = 2*g + 2 - 0. Let j be (g - 81/(-6))*2. Let s = j - 15. What is the units digit of s?
0
Let d(s) = -66*s - 24. Let c(k) = -13*k - 5. Let o(l) = -24*c(l) + 5*d(l). Let g be o(-1). What is the units digit of (-2)/(-3*4/g)?
3
What is the units digit of (106 - (12 - 6))*(-4)/(-5)?
0
Let j be -2 + 2 - (-2 - 0). Suppose 3*m = -p + 44, -j*p + 121 = p - 2*m. Let u = p - 24. What is the units digit of u?
7
Let u(a) = -a - 7. What is the units digit of u(-12)?
5
Let a be 6/(-4)*(-20)/(-3). Let v = 21 + a. What is the units digit of v?
1
Suppose -w = r + r - 205, 0 = -2*r + 5*w + 223. What is the hundreds digit of r?
1
Let k = 0 + 4. Suppose 0 = 5*g - k*u + 13, -2*u = -3*g - u - 5. Let x = g - -18. What is the tens digit of x?
1
Let s = 3 + 0. Let v be (0 - -1) + (s - -1). Suppose 27 + v = 4*a. What is the units digit of a?
8
What is the units digit of 19 - (-3)/(-3 + 0)?
8
Let u = 3 - -1. Suppose -5*z + u*f = 3, 0*f + 2*f = 4*z. What is the units digit of z?
1
Let a = -31 - -51. Suppose -3*b = 2*b - a. What is the units digit of b?
4
Let z(y) = y**2 + y + 4. What is the tens digit of z(-3)?
1
Suppose 54 = 5*g - 86. What is the units digit of g?
8
Let z = 76 + -46. What is the tens digit of (-32)/10*z/(-3)?
3
Let m(s) = -2*s + 1. Let p be m(-2). Suppose -4*j - 4 = 4*l, 6*l - l = -3*j + 3. Suppose -4*u = -3*g - 11, -l*u = p*g - 0*u - 30. What is the units digit of g?
3
Suppose -5*s + 31 = -14. Suppose 0 = -4*a + 39 + s. What is the tens digit of a?
1
Let p = -4 - -7. Suppose -l = p*l - 88. Suppose 2*v - l = -0*v. What is the units digit of v?
1
Let y be -58 + (-2 + -3 - -3). Let x = y + 112. What is the tens digit of x?
5
Let n(z) = 13*z**2 + 9*z - 24. What is the tens digit of n(4)?
2
Suppose 0 = -6*h + 2*h + 8. Suppose -h - 2 = -f. Suppose 0 = j + 3*w - 13, f = 2*j - 0*j - 5*w. What is the units digit of j?
7
Let k = 10 - 6. Suppose 0 = k*v + v - 60. What is the units digit of v?
2
Let p(n) = -n**2 + 7*n + 1. Let k be p(5). Suppose 3*j - k = 16. What is the units digit of j?
9
Suppose 59 = -4*j - 3*y, 2*j - 3*y + 22 = -21. Let c = j - -30. What is the units digit of c?
3
Let v(s) = s**3 + 10*s**2 + 11*s - 7. Let p = 10 - 18. What is the tens digit of v(p)?
3
Let m(r) = -r**2 + 3*r**3 + 3*r - 2*r**2 - r**3 - 3. What is the units digit of m(2)?
7
Let m(b) = -b + 1. Let g be m(-3). What is the units digit of -2 + 2 + (g - 2)?
2
Let q = -10 - -13. Suppose -3*r + 12 = -q. What is the units digit of r?
5
Let u be 3*1/(-3)*20. Let c = u - -39. Suppose -i - 5*d = c, 2*d = -3*i + d - 1. What is the units digit of i?
1
Suppose -3*i - 90 = -2*h, -85 = -3*h - 3*i + 35. What is the tens digit of h?
4
Suppose 8*f = 4*f + 32. What is the units digit of 1/(26/f + -3)?
4
Let u be (40/14)/((-10)/(-35)). Let p = 14 - u. Suppose 6*q = 2*q + m - 1, 3*m = -p*q + 19. What is the units digit of q?
1
Let o(j) = j + 64. What is the tens digit of o(-16)?
4
Let u = 86 - 61. What is the tens digit of u?
2
Let h = 4 + -8. Let c = h - -1. What is the units digit of 6 + c + (0 - 0)?
3
Let l(j) = j**2 - 1. Let d be l(1). Suppose -3*y + 5*k = -14, -2*y - k + 18 = -d*k. What is the units digit of y?
8
Suppose 0 = 4*q - 45 - 15. What is the units digit of q?
5
Suppose -2*q + 4 = -14. Let l(t) = -t - 1. Let n(d) = 6. Let r(p) = -l(p) + n(p). What is the tens digit of r(q)?
1
Let z(j) = -15*j**3 + 2*j**2 - 3*j - 3. Let s(i) = -i**3 - i**2 + i + 1. Let l(g) = 2*s(g) + z(g). What is the units digit of l(-1)?
7
Suppose f + 6 = 2*f. Suppose -a + f*a + 5 = 0. What is the units digit of -1 - (-5 + -2 + a)?
7
Let l be 12/5 + (-15)/(-25). Let q = -10 - -6. Let w = l - q. What is the units digit of w?
7
Let s = -234 - -333. What is the units digit of s?
9
Suppose -5*a - r + 12 = 0, 0 = 4*a - r + 4*r - 3. Let q be a*3*(2 - 1). Let d = -6 + q. What is the units digit of d?
3
What is the units digit of 55/3 + (-3)/9?
8
Suppose 3*x + 2 = -4. What is the tens digit of 3 + x - 4 - -17?
1
Let p(h) = -7*h - 9. Let r be p(-5). What is the units digit of r + -8 + -1 + 5?
2
Suppose -3*k = -6*o + 2*o + 134, 2*o = 5*k + 214. Let j be (-1 + 3)*k/(-12). Let i = 15 - j. What is the units digit of i?
8
Let d = 104 - -55. What is the tens digit of d?
5
Let a = -1 + 3. Suppose -4*l + l = -9. Suppose -l*n + a = -2*n. What is the units digit of n?
2
Let t(j) be the first derivative of j**3/3 - j**2 - 7*j - 6. What is the units digit of t(5)?
8
Suppose -5*s + 449 = 3*b, 5*s - s = 5*b + 374. Suppose -o - 3*m = -21, 36 = -5*o - 5*m + s. Suppose 7*q - 4 = o*q. What is the units digit of q?
4
Suppose -f + 5 + 1 = 2*i, -3*i = -5*f + 4. Suppose 5 = -o - 2*c + 3, 2*c + f = -2*o. What is the units digit of (4 - 0) + 1 + o?
5
Suppose 3*g = -17 + 122. What is the tens digit of g?
3
Suppose -5*g = -4*g + 3. Let u be 3 + g/1*-1. Let y = u + 9. What is the tens digit of y?
1
Let s = -20 - -22. What is the units digit of s?
2
Suppose 2*h - 3*b + 10 = 4*h, h - 4*b = 16. Let a = h - 6. What is the units digit of a?
2
Suppose 0 = 5*f - 2*f - 3. Let n(k) = 17*k**2 - 2*k. Let r(o) = 9*o**2 - o. Let q(z) = 6*n(z) - 11*r(z). What is the units digit of q(f)?
2
Let y(a) = -a**2 - 2*a - 1. Let f be y(-1). Let s be (24 + 0)/(1 - f). What is the units digit of s/10*20/6?
8
Suppose -96 = -5*i - 5*s - 6, 0 = -s - 5. What is the tens digit of i?
2
Let s(p) = -p**3 - 3*p**2 - 1. Let m be s(-3). Let i(c) = -19*c - 2. What is the tens digit of i(m)?
1
Suppose 82*n + 207 = 83*n. What is the units digit of n?
7
Suppose 0 = 4*d - 5*q + 260, 2*d = d - 4*q - 65. What is the units digit of (-3325)/d - (-2)/(-13)?
1
Suppose 5*f - 8 = 152. What is the tens digit of f?
3
Let a(i) = -i**3 - i**2 - i - 54. Let j be a(0). What is the units digit of j/4*(-14)/21?
9
Let s be (14/(-21))/(2/(-6)). Suppose 2*x - 5 = -s*g + 3*x, -18 = -5*g - 3*x. Suppose 0 = -g*n - 2*p + 14, -4*n = 4*p + 1 - 21. What is the units digit of n?
4
Suppose 5*x + 48 + 12 = 0. Let l = -7 - x. Suppose -16 = 5*f - 6, l*f = -4*q - 2. What is the units digit of q?
2
Let x(z) = z**2 + 6*z - 3. Let r be x(-7). What is the units digit of -18*(-2)/(r/1)?
9
Suppose n + 4 = -0. Let u be (-2)/n - 117/(-6). Suppose -o - 19 = -3*c + o, -o = -5*c + u. What is the units digit of c?
3
What is the units digit of (912/4)/2 - 1?
3
Let h(q) = 6*q + 9. Suppose -4*k + 8 + 1 = -d, 4*d + 4 = 0. Let j(p) = p + 1. Let w(z) = k*j(z) - h(z). What is the tens digit of w(-5)?
1
Let q = 2 + 0. Suppose -2*x + 0*x - 4*c = -28, q = 2*c. What is the units digit of x?
2
Let z be (-6)/(-21)*(8 - 1). Let v be (18 - 0/z)/(-1). What is the units digit of v/(-4) - (-3)/(-2)?
3
Suppose -3*n + 217 = -80. What is the tens digit of n?
9
Suppose 0 = 4